{"id":3733,"date":"2025-07-11T14:55:50","date_gmt":"2025-07-11T12:55:50","guid":{"rendered":"https:\/\/auerworld-festival.de\/?post_type=ajde_events&#038;p=3733"},"modified":"2025-07-11T14:55:50","modified_gmt":"2025-07-11T12:55:50","slug":"2025-biedermann-und-die-brandstifter","status":"publish","type":"ajde_events","link":"https:\/\/auerworld-festival.de\/en\/events\/2025-biedermann-und-die-brandstifter\/","title":{"rendered":"\u201eBiedermann und die Brandstifter\u201c"},"content":{"rendered":"<p>Erlebt eine frische Interpretation des Klassikers von Max Frisch, pr\u00e4sentiert von TheaterRausch. In dieser Inszenierung wird das St\u00fcck als Kom\u00f6die auf die B\u00fchne gebracht und erh\u00e4lt dabei einen modernen Touch, der es aufregend und relevant f\u00fcr unsere heutige Zeit macht. Max Frisch selbst bezeichnete sein Werk als &#8222;Ein Lehrst\u00fcck ohne Lehre&#8220;, doch wir von TheaterRausch sehen das anders.<\/p>\n\n\n\n<p>In Anbetracht der aktuellen politischen Situation glauben wir fest daran, dass die Metaphern und Symboliken des St\u00fccks durchaus wertvolle Lehren f\u00fcr uns bereithalten. Diese Auff\u00fchrung l\u00e4dt das Publikum ein, \u00fcber gesellschaftliche Themen nachzudenken und sie aus neuen Perspektiven zu betrachten. Mit einer Mischung aus Humor und Tiefgang bringt unsere Inszenierung die zeitlosen Fragen und Herausforderungen von Frischs Werk auf die B\u00fchne.<\/p>\n\n\n\n<p>Lasst euch von einer Darstellung mitrei\u00dfen, die nicht nur unterh\u00e4lt, sondern auch zum Nachdenken anregt. Kommt vorbei und erlebt selbst, wie dieser Klassiker in einem neuen Licht erstrahlt und welche Lehren wir daraus f\u00fcr unser heutiges Leben ziehen k\u00f6nnen. Wir freuen uns darauf, diesen besonderen Abend mit euch zu teilen.<\/p>","protected":false},"author":9,"featured_media":3735,"menu_order":0,"comment_status":"closed","ping_status":"closed","template":"","meta":{"_et_pb_use_builder":"","_et_pb_old_content":"","_et_gb_content_width":""},"tags":[],"event_type":[303],"event_type_2":[],"event_type_3":[275,282,274],"class_list":["post-3733","ajde_events","type-ajde_events","status-publish","has-post-thumbnail","hentry","event_location-theaterbuehne","event_organizer-theaterrausch","event_type-theater","event_type_3-erwachsene","event_type_3-jugendliche","event_type_3-kinder"],"yoast_head":"<!-- This site is optimized with the Yoast SEO plugin v27.3 - https:\/\/yoast.com\/product\/yoast-seo-wordpress\/ -->\n<title>\u201eBiedermann und die Brandstifter\u201c - Auerworld Festival<\/title>\n<meta name=\"robots\" content=\"index, follow, max-snippet:-1, max-image-preview:large, max-video-preview:-1\" \/>\n<link rel=\"canonical\" href=\"https:\/\/auerworld-festival.de\/en\/events\/2025-biedermann-und-die-brandstifter\/\" \/>\n<meta property=\"og:locale\" content=\"en_GB\" \/>\n<meta property=\"og:type\" content=\"article\" \/>\n<meta property=\"og:title\" content=\"\u201eBiedermann und die Brandstifter\u201c - Auerworld Festival\" \/>\n<meta property=\"og:description\" content=\"Erlebt eine frische Interpretation des Klassikers von Max Frisch, pr\u00e4sentiert von TheaterRausch. In dieser Inszenierung wird das St\u00fcck als Kom\u00f6die auf die B\u00fchne gebracht und erh\u00e4lt dabei einen modernen Touch, der es aufregend und relevant f\u00fcr unsere heutige Zeit macht. Max Frisch selbst bezeichnete sein Werk als &#8222;Ein Lehrst\u00fcck ohne Lehre&#8220;, doch wir von TheaterRausch [&hellip;]\" \/>\n<meta property=\"og:url\" content=\"https:\/\/auerworld-festival.de\/en\/events\/2025-biedermann-und-die-brandstifter\/\" \/>\n<meta property=\"og:site_name\" content=\"Auerworld Festival\" \/>\n<meta property=\"article:publisher\" content=\"https:\/\/www.facebook.com\/auerworld.festival\/\" \/>\n<meta property=\"og:image\" content=\"https:\/\/auerworld-festival.de\/wp-content\/uploads\/theaterrausch.webp\" \/>\n\t<meta property=\"og:image:width\" content=\"1920\" \/>\n\t<meta property=\"og:image:height\" content=\"1281\" \/>\n\t<meta property=\"og:image:type\" content=\"image\/webp\" \/>\n<meta name=\"twitter:card\" content=\"summary_large_image\" \/>\n<meta name=\"twitter:label1\" content=\"Estimated reading time\" \/>\n\t<meta name=\"twitter:data1\" content=\"1 minute\" \/>\n<script type=\"application\/ld+json\" class=\"yoast-schema-graph\">{\"@context\":\"https:\\\/\\\/schema.org\",\"@graph\":[{\"@type\":\"WebPage\",\"@id\":\"https:\\\/\\\/auerworld-festival.de\\\/events\\\/2025-biedermann-und-die-brandstifter\\\/\",\"url\":\"https:\\\/\\\/auerworld-festival.de\\\/events\\\/2025-biedermann-und-die-brandstifter\\\/\",\"name\":\"\u201eBiedermann und die Brandstifter\u201c - Auerworld Festival\",\"isPartOf\":{\"@id\":\"https:\\\/\\\/auerworld-festival.de\\\/#website\"},\"primaryImageOfPage\":{\"@id\":\"https:\\\/\\\/auerworld-festival.de\\\/events\\\/2025-biedermann-und-die-brandstifter\\\/#primaryimage\"},\"image\":{\"@id\":\"https:\\\/\\\/auerworld-festival.de\\\/events\\\/2025-biedermann-und-die-brandstifter\\\/#primaryimage\"},\"thumbnailUrl\":\"https:\\\/\\\/auerworld-festival.de\\\/wp-content\\\/uploads\\\/theaterrausch.webp\",\"datePublished\":\"2025-07-11T12:55:50+00:00\",\"breadcrumb\":{\"@id\":\"https:\\\/\\\/auerworld-festival.de\\\/events\\\/2025-biedermann-und-die-brandstifter\\\/#breadcrumb\"},\"inLanguage\":\"en-GB\",\"potentialAction\":[{\"@type\":\"ReadAction\",\"target\":[\"https:\\\/\\\/auerworld-festival.de\\\/events\\\/2025-biedermann-und-die-brandstifter\\\/\"]}]},{\"@type\":\"ImageObject\",\"inLanguage\":\"en-GB\",\"@id\":\"https:\\\/\\\/auerworld-festival.de\\\/events\\\/2025-biedermann-und-die-brandstifter\\\/#primaryimage\",\"url\":\"https:\\\/\\\/auerworld-festival.de\\\/wp-content\\\/uploads\\\/theaterrausch.webp\",\"contentUrl\":\"https:\\\/\\\/auerworld-festival.de\\\/wp-content\\\/uploads\\\/theaterrausch.webp\",\"width\":1920,\"height\":1281,\"caption\":\"TheaterRausch\"},{\"@type\":\"BreadcrumbList\",\"@id\":\"https:\\\/\\\/auerworld-festival.de\\\/events\\\/2025-biedermann-und-die-brandstifter\\\/#breadcrumb\",\"itemListElement\":[{\"@type\":\"ListItem\",\"position\":1,\"name\":\"Start\",\"item\":\"https:\\\/\\\/auerworld-festival.de\\\/\"},{\"@type\":\"ListItem\",\"position\":2,\"name\":\"Events\",\"item\":\"https:\\\/\\\/auerworld-festival.de\\\/events\\\/\"},{\"@type\":\"ListItem\",\"position\":3,\"name\":\"\u201eBiedermann und die Brandstifter\u201c\"}]},{\"@type\":\"WebSite\",\"@id\":\"https:\\\/\\\/auerworld-festival.de\\\/#website\",\"url\":\"https:\\\/\\\/auerworld-festival.de\\\/\",\"name\":\"Auerworld Festival\",\"description\":\"Tanzen unter Weiden\",\"publisher\":{\"@id\":\"https:\\\/\\\/auerworld-festival.de\\\/#organization\"},\"potentialAction\":[{\"@type\":\"SearchAction\",\"target\":{\"@type\":\"EntryPoint\",\"urlTemplate\":\"https:\\\/\\\/auerworld-festival.de\\\/?s={search_term_string}\"},\"query-input\":{\"@type\":\"PropertyValueSpecification\",\"valueRequired\":true,\"valueName\":\"search_term_string\"}}],\"inLanguage\":\"en-GB\"},{\"@type\":\"Organization\",\"@id\":\"https:\\\/\\\/auerworld-festival.de\\\/#organization\",\"name\":\"Auerworld Festival\",\"url\":\"https:\\\/\\\/auerworld-festival.de\\\/\",\"logo\":{\"@type\":\"ImageObject\",\"inLanguage\":\"en-GB\",\"@id\":\"https:\\\/\\\/auerworld-festival.de\\\/#\\\/schema\\\/logo\\\/image\\\/\",\"url\":\"https:\\\/\\\/auerworld-festival.de\\\/wp-content\\\/uploads\\\/AWF-Logo.svg\",\"contentUrl\":\"https:\\\/\\\/auerworld-festival.de\\\/wp-content\\\/uploads\\\/AWF-Logo.svg\",\"width\":1,\"height\":1,\"caption\":\"Auerworld Festival\"},\"image\":{\"@id\":\"https:\\\/\\\/auerworld-festival.de\\\/#\\\/schema\\\/logo\\\/image\\\/\"},\"sameAs\":[\"https:\\\/\\\/www.facebook.com\\\/auerworld.festival\\\/\",\"https:\\\/\\\/www.instagram.com\\\/auerworld\\\/\"]}]}<\/script>\n<!-- \/ Yoast SEO plugin. -->","yoast_head_json":{"title":"\u201eBiedermann und die Brandstifter\u201c - Auerworld Festival","robots":{"index":"index","follow":"follow","max-snippet":"max-snippet:-1","max-image-preview":"max-image-preview:large","max-video-preview":"max-video-preview:-1"},"canonical":"https:\/\/auerworld-festival.de\/en\/events\/2025-biedermann-und-die-brandstifter\/","og_locale":"en_GB","og_type":"article","og_title":"\u201eBiedermann und die Brandstifter\u201c - Auerworld Festival","og_description":"Erlebt eine frische Interpretation des Klassikers von Max Frisch, pr\u00e4sentiert von TheaterRausch. In dieser Inszenierung wird das St\u00fcck als Kom\u00f6die auf die B\u00fchne gebracht und erh\u00e4lt dabei einen modernen Touch, der es aufregend und relevant f\u00fcr unsere heutige Zeit macht. Max Frisch selbst bezeichnete sein Werk als &#8222;Ein Lehrst\u00fcck ohne Lehre&#8220;, doch wir von TheaterRausch [&hellip;]","og_url":"https:\/\/auerworld-festival.de\/en\/events\/2025-biedermann-und-die-brandstifter\/","og_site_name":"Auerworld Festival","article_publisher":"https:\/\/www.facebook.com\/auerworld.festival\/","og_image":[{"width":1920,"height":1281,"url":"https:\/\/auerworld-festival.de\/wp-content\/uploads\/theaterrausch.webp","type":"image\/webp"}],"twitter_card":"summary_large_image","twitter_misc":{"Estimated reading time":"1 minute"},"schema":{"@context":"https:\/\/schema.org","@graph":[{"@type":"WebPage","@id":"https:\/\/auerworld-festival.de\/events\/2025-biedermann-und-die-brandstifter\/","url":"https:\/\/auerworld-festival.de\/events\/2025-biedermann-und-die-brandstifter\/","name":"\u201eBiedermann und die Brandstifter\u201c - Auerworld Festival","isPartOf":{"@id":"https:\/\/auerworld-festival.de\/#website"},"primaryImageOfPage":{"@id":"https:\/\/auerworld-festival.de\/events\/2025-biedermann-und-die-brandstifter\/#primaryimage"},"image":{"@id":"https:\/\/auerworld-festival.de\/events\/2025-biedermann-und-die-brandstifter\/#primaryimage"},"thumbnailUrl":"https:\/\/auerworld-festival.de\/wp-content\/uploads\/theaterrausch.webp","datePublished":"2025-07-11T12:55:50+00:00","breadcrumb":{"@id":"https:\/\/auerworld-festival.de\/events\/2025-biedermann-und-die-brandstifter\/#breadcrumb"},"inLanguage":"en-GB","potentialAction":[{"@type":"ReadAction","target":["https:\/\/auerworld-festival.de\/events\/2025-biedermann-und-die-brandstifter\/"]}]},{"@type":"ImageObject","inLanguage":"en-GB","@id":"https:\/\/auerworld-festival.de\/events\/2025-biedermann-und-die-brandstifter\/#primaryimage","url":"https:\/\/auerworld-festival.de\/wp-content\/uploads\/theaterrausch.webp","contentUrl":"https:\/\/auerworld-festival.de\/wp-content\/uploads\/theaterrausch.webp","width":1920,"height":1281,"caption":"TheaterRausch"},{"@type":"BreadcrumbList","@id":"https:\/\/auerworld-festival.de\/events\/2025-biedermann-und-die-brandstifter\/#breadcrumb","itemListElement":[{"@type":"ListItem","position":1,"name":"Start","item":"https:\/\/auerworld-festival.de\/"},{"@type":"ListItem","position":2,"name":"Events","item":"https:\/\/auerworld-festival.de\/events\/"},{"@type":"ListItem","position":3,"name":"\u201eBiedermann und die Brandstifter\u201c"}]},{"@type":"WebSite","@id":"https:\/\/auerworld-festival.de\/#website","url":"https:\/\/auerworld-festival.de\/","name":"Auerworld Festival","description":"Tanzen unter Weiden","publisher":{"@id":"https:\/\/auerworld-festival.de\/#organization"},"potentialAction":[{"@type":"SearchAction","target":{"@type":"EntryPoint","urlTemplate":"https:\/\/auerworld-festival.de\/?s={search_term_string}"},"query-input":{"@type":"PropertyValueSpecification","valueRequired":true,"valueName":"search_term_string"}}],"inLanguage":"en-GB"},{"@type":"Organization","@id":"https:\/\/auerworld-festival.de\/#organization","name":"Auerworld Festival","url":"https:\/\/auerworld-festival.de\/","logo":{"@type":"ImageObject","inLanguage":"en-GB","@id":"https:\/\/auerworld-festival.de\/#\/schema\/logo\/image\/","url":"https:\/\/auerworld-festival.de\/wp-content\/uploads\/AWF-Logo.svg","contentUrl":"https:\/\/auerworld-festival.de\/wp-content\/uploads\/AWF-Logo.svg","width":1,"height":1,"caption":"Auerworld Festival"},"image":{"@id":"https:\/\/auerworld-festival.de\/#\/schema\/logo\/image\/"},"sameAs":["https:\/\/www.facebook.com\/auerworld.festival\/","https:\/\/www.instagram.com\/auerworld\/"]}]}},"_links":{"self":[{"href":"https:\/\/auerworld-festival.de\/en\/wp-json\/wp\/v2\/ajde_events\/3733","targetHints":{"allow":["GET"]}}],"collection":[{"href":"https:\/\/auerworld-festival.de\/en\/wp-json\/wp\/v2\/ajde_events"}],"about":[{"href":"https:\/\/auerworld-festival.de\/en\/wp-json\/wp\/v2\/types\/ajde_events"}],"author":[{"embeddable":true,"href":"https:\/\/auerworld-festival.de\/en\/wp-json\/wp\/v2\/users\/9"}],"replies":[{"embeddable":true,"href":"https:\/\/auerworld-festival.de\/en\/wp-json\/wp\/v2\/comments?post=3733"}],"wp:featuredmedia":[{"embeddable":true,"href":"https:\/\/auerworld-festival.de\/en\/wp-json\/wp\/v2\/media\/3735"}],"wp:attachment":[{"href":"https:\/\/auerworld-festival.de\/en\/wp-json\/wp\/v2\/media?parent=3733"}],"wp:term":[{"taxonomy":"post_tag","embeddable":true,"href":"https:\/\/auerworld-festival.de\/en\/wp-json\/wp\/v2\/tags?post=3733"},{"taxonomy":"event_type","embeddable":true,"href":"https:\/\/auerworld-festival.de\/en\/wp-json\/wp\/v2\/event_type?post=3733"},{"taxonomy":"event_type_2","embeddable":true,"href":"https:\/\/auerworld-festival.de\/en\/wp-json\/wp\/v2\/event_type_2?post=3733"},{"taxonomy":"event_type_3","embeddable":true,"href":"https:\/\/auerworld-festival.de\/en\/wp-json\/wp\/v2\/event_type_3?post=3733"}],"curies":[{"name":"wp","href":"https:\/\/api.w.org\/{rel}","templated":true}]}}

<p>Erlebt eine frische Interpretation des Klassikers von Max Frisch, präsentiert von TheaterRausch. In dieser Inszenierung wird das Stück als Komödie auf die Bühne gebracht und erhält dabei einen modernen Touch, der es aufregend und relevant für unsere heutige Zeit macht. Max Frisch selbst bezeichnete sein Werk als &#8222;Ein Lehrstück ohne Lehre&#8220;, doch wir von TheaterRausch sehen das anders.</p>



<p>In Anbetracht der aktuellen politischen Situation glauben wir fest daran, dass die Metaphern und Symboliken des Stücks durchaus wertvolle Lehren für uns bereithalten. Diese Aufführung lädt das Publikum ein, über gesellschaftliche Themen nachzudenken und sie aus neuen Perspektiven zu betrachten. Mit einer Mischung aus Humor und Tiefgang bringt unsere Inszenierung die zeitlosen Fragen und Herausforderungen von Frischs Werk auf die Bühne.</p>



<p>Lasst euch von einer Darstellung mitreißen, die nicht nur unterhält, sondern auch zum Nachdenken anregt. Kommt vorbei und erlebt selbst, wie dieser Klassiker in einem neuen Licht erstrahlt und welche Lehren wir daraus für unser heutiges Leben ziehen können. Wir freuen uns darauf, diesen besonderen Abend mit euch zu teilen.</p>

<!-- This site is optimized with the Yoast SEO plugin v27.3 - https://yoast.com/product/yoast-seo-wordpress/ -->
<title>„Biedermann und die Brandstifter“ - Auerworld Festival</title>
<meta name="robots" content="index, follow, max-snippet:-1, max-image-preview:large, max-video-preview:-1" />
<link rel="canonical" href="https://auerworld-festival.de/en/events/2025-biedermann-und-die-brandstifter/" />
<meta property="og:locale" content="en_GB" />
<meta property="og:type" content="article" />
<meta property="og:title" content="„Biedermann und die Brandstifter“ - Auerworld Festival" />
<meta property="og:description" content="Erlebt eine frische Interpretation des Klassikers von Max Frisch, präsentiert von TheaterRausch. In dieser Inszenierung wird das Stück als Komödie auf die Bühne gebracht und erhält dabei einen modernen Touch, der es aufregend und relevant für unsere heutige Zeit macht. Max Frisch selbst bezeichnete sein Werk als &#8222;Ein Lehrstück ohne Lehre&#8220;, doch wir von TheaterRausch [&hellip;]" />
<meta property="og:url" content="https://auerworld-festival.de/en/events/2025-biedermann-und-die-brandstifter/" />
<meta property="og:site_name" content="Auerworld Festival" />
<meta property="article:publisher" content="https://www.facebook.com/auerworld.festival/" />
<meta property="og:image" content="https://auerworld-festival.de/wp-content/uploads/theaterrausch.webp" />
	<meta property="og:image:width" content="1920" />
	<meta property="og:image:height" content="1281" />
	<meta property="og:image:type" content="image/webp" />
<meta name="twitter:card" content="summary_large_image" />
<meta name="twitter:label1" content="Estimated reading time" />
	<meta name="twitter:data1" content="1 minute" />
<script type="application/ld+json" class="yoast-schema-graph">{"@context":"https:\/\/schema.org","@graph":[{"@type":"WebPage","@id":"https:\/\/auerworld-festival.de\/events\/2025-biedermann-und-die-brandstifter\/","url":"https:\/\/auerworld-festival.de\/events\/2025-biedermann-und-die-brandstifter\/","name":"„Biedermann und die Brandstifter“ - Auerworld Festival","isPartOf":{"@id":"https:\/\/auerworld-festival.de\/#website"},"primaryImageOfPage":{"@id":"https:\/\/auerworld-festival.de\/events\/2025-biedermann-und-die-brandstifter\/#primaryimage"},"image":{"@id":"https:\/\/auerworld-festival.de\/events\/2025-biedermann-und-die-brandstifter\/#primaryimage"},"thumbnailUrl":"https:\/\/auerworld-festival.de\/wp-content\/uploads\/theaterrausch.webp","datePublished":"2025-07-11T12:55:50+00:00","breadcrumb":{"@id":"https:\/\/auerworld-festival.de\/events\/2025-biedermann-und-die-brandstifter\/#breadcrumb"},"inLanguage":"en-GB","potentialAction":[{"@type":"ReadAction","target":["https:\/\/auerworld-festival.de\/events\/2025-biedermann-und-die-brandstifter\/"]}]},{"@type":"ImageObject","inLanguage":"en-GB","@id":"https:\/\/auerworld-festival.de\/events\/2025-biedermann-und-die-brandstifter\/#primaryimage","url":"https:\/\/auerworld-festival.de\/wp-content\/uploads\/theaterrausch.webp","contentUrl":"https:\/\/auerworld-festival.de\/wp-content\/uploads\/theaterrausch.webp","width":1920,"height":1281,"caption":"TheaterRausch"},{"@type":"BreadcrumbList","@id":"https:\/\/auerworld-festival.de\/events\/2025-biedermann-und-die-brandstifter\/#breadcrumb","itemListElement":[{"@type":"ListItem","position":1,"name":"Start","item":"https:\/\/auerworld-festival.de\/"},{"@type":"ListItem","position":2,"name":"Events","item":"https:\/\/auerworld-festival.de\/events\/"},{"@type":"ListItem","position":3,"name":"„Biedermann und die Brandstifter“"}]},{"@type":"WebSite","@id":"https:\/\/auerworld-festival.de\/#website","url":"https:\/\/auerworld-festival.de\/","name":"Auerworld Festival","description":"Tanzen unter Weiden","publisher":{"@id":"https:\/\/auerworld-festival.de\/#organization"},"potentialAction":[{"@type":"SearchAction","target":{"@type":"EntryPoint","urlTemplate":"https:\/\/auerworld-festival.de\/?s={search_term_string}"},"query-input":{"@type":"PropertyValueSpecification","valueRequired":true,"valueName":"search_term_string"}}],"inLanguage":"en-GB"},{"@type":"Organization","@id":"https:\/\/auerworld-festival.de\/#organization","name":"Auerworld Festival","url":"https:\/\/auerworld-festival.de\/","logo":{"@type":"ImageObject","inLanguage":"en-GB","@id":"https:\/\/auerworld-festival.de\/#\/schema\/logo\/image\/","url":"https:\/\/auerworld-festival.de\/wp-content\/uploads\/AWF-Logo.svg","contentUrl":"https:\/\/auerworld-festival.de\/wp-content\/uploads\/AWF-Logo.svg","width":1,"height":1,"caption":"Auerworld Festival"},"image":{"@id":"https:\/\/auerworld-festival.de\/#\/schema\/logo\/image\/"},"sameAs":["https:\/\/www.facebook.com\/auerworld.festival\/","https:\/\/www.instagram.com\/auerworld\/"]}]}</script>
<!-- / Yoast SEO plugin. -->

Erlebt eine frische Interpretation des Klassikers von Max Frisch, präsentiert von TheaterRausch. In dieser Inszenierung wird das Stück als Komödie auf die Bühne gebracht und erhält dabei einen modernen Touch, der es aufregend und relevant für unsere heutige Zeit macht. Max Frisch selbst bezeichnete sein Werk als &#8222;Ein Lehrstück ohne Lehre&#8220;, doch wir von TheaterRausch [&hellip;]
